at is -1 - 532?
-533
In base 6, what is -1 + 1544?
1543
In base 8, what is -3006 + -2?
-3010
In base 5, what is -324410 + 10?
-324400
In base 4, what is -12 - 222?
-300
In base 11, what is a5 + -4?
a1
In base 14, what is -3 - -45?
42
In base 15, what is 55 - -15?
6a
In base 16, what is -2 + 26?
24
In base 15, what is 1b5 - -1?
1b6
In base 3, what is 10 + 10211?
10221
In base 12, what is -110 + -47?
-157
In base 6, what is 52532 - -3?
52535
In base 3, what is 20221002 + 0?
20221002
In base 7, what is 1 - 461?
-460
In base 16, what is 229 + 6?
22f
In base 12, what is -3 - -4531?
452a
In base 9, what is 8 + 0?
8
In base 3, what is -221121 + 1102?
-220012
In base 10, what is -3 + 126?
123
In base 16, what is -5 - 64?
-69
In base 5, what is 4210 + -2?
4203
In base 9, what is -132 - -35?
-86
In base 5, what is -124 - -4?
-120
In base 16, what is -86 + -d?
-93
In base 5, what is 4 - -132?
141
In base 2, what is 1001011 - 100?
1000111
In base 7, what is 1 + 2015?
2016
In base 11, what is -a82 + -3?
-a85
In base 12, what is 29 - 0?
29
In base 4, what is -311 + 1323?
1012
In base 5, what is 40 + 32?
122
In base 16, what is -15 + -18?
-2d
In base 4, what is 1 + -332?
-331
In base 11, what is -2 - -19?
17
In base 12, what is 2 + -6bb?
-6b9
In base 6, what is 1004 + 2?
1010
In base 5, what is -401 - -4?
-342
In base 5, what is 10 + 1011?
1021
In base 15, what is a98 - 7?
a91
In base 9, what is -1252 - 2?
-1254
In base 9, what is -1 + 426?
425
In base 3, what is 210 - -101?
1011
In base 14, what is 4 - 69?
-65
In base 11, what is -5 - 2a66?
-2a70
In base 7, what is -31 - 3?
-34
In base 7, what is 24 - 124?
-100
In base 5, what is 4021 - 4?
4012
In base 9, what is -2644 - -2?
-2642
In base 8, what is -5 - -642?
635
In base 15, what is -433b - 5?
-4341
In base 16, what is 3 - 13c9?
-13c6
In base 8, what is 3 + -274?
-271
In base 3, what is -11021211 + 12?
-11021122
In base 2, what is 101000000 - -101?
101000101
In base 14, what is aa + -1?
a9
In base 10, what is -268 + -11?
-279
In base 9, what is 131 + 11?
142
In base 11, what is 104 + 0?
104
In base 7, what is -553 - 0?
-553
In base 8, what is 23 - 13?
10
In base 14, what is -15bd - -2?
-15bb
In base 4, what is 221220 + -3?
221211
In base 13, what is 49 - 4?
45
In base 13, what is -c + 7?
-5
In base 15, what is 1 - -8b2?
8b3
In base 7, what is -2614 + -3?
-2620
In base 6, what is -312 + 31?
-241
In base 15, what is a5 - -6?
ab
In base 11, what is -3 + 176?
173
In base 10, what is 0 + 38?
38
In base 10, what is 5 - -871?
876
In base 13, what is 5 + -24?
-1c
In base 3, what is 10 - -22121?
22201
In base 10, what is -325 - 0?
-325
In base 14, what is 1 + 8?
9
In base 16, what is -1c55 + 3?
-1c52
In base 15, what is 7 + 23?
2a
In base 13, what is 11 + 30?
41
In base 12, what is -13 - 109?
-120
In base 14, what is -2 - 18?
-1a
In base 12, what is -48 + 180?
134
In base 3, what is 2 + 1021?
1100
In base 11, what is -3 - -1954?
1951
In base 12, what is -195 + -1?
-196
In base 16, what is 4 + 45?
49
In base 3, what is 11 + -11122?
-11111
In base 15, what is 9 - -233?
23c
In base 9, what is -1645 + 3?
-1642
In base 8, what is -410 + 2?
-406
In base 3, what is -1 - -112?
111
In base 3, what is -2201 - -1201?
-1000
In base 3, what is 112 - -121021?
121210
In base 14, what is -a9 - b1?
-17a
In base 11, what is 1756 + 1?
1757
In base 16, what is b3 + 30?
e3
In base 12, what is -4 - -b1b?
b17
In base 11, what is -273 + -4?
-277
In base 16, what is -2 + 13?
11
In base 16, what is 7 - -8e?
95
In base 6, what is 0 - 415?
-415
In base 11, what is -37 + 17?
-20
In base 14, what is -4 + -749?
-74d
In base 2, what is 111100 - 0?
111100
In base 13, what is 204 + -2?
202
In base 2, what is -1111100 - -10111?
-1100101
In base 5, what is 1132 + 10?
1142
In base 15, what is -7cc + 3?
-7c9
In base 11, what is 4 + 3889?
3892
In base 2, what is -10 - -1000?
110
In base 8, what is -23066 + 1?
-23065
In base 7, what is 3466 - -1?
3500
In base 14, what is -168 + 1b?
-14b
In base 13, what is -23626 - -4?
-23622
In base 3, what is 100102 - -20?
100122
In base 14, what is -a + -dd?
-109
In base 8, what is 1242 - 2?
1240
In base 13, what is 4 - 425?
-421
In base 6, what is -30123 + -3?
-30130
In base 11, what is 4 + -52?
-49
In base 16, what is -14 + 5?
-f
In base 6, what is -5 - 1111?
-1120
In base 2, what is -100 - 111001000101?
-111001001001
In base 8, what is 10 + 335?
345
In base 10, what is -11482 + 0?
-11482
In base 11, what is -2 - -372?
370
In base 12, what is 7 - 386?
-37b
In base 9, what is -118 + 227?
108
In base 6, what is 5323 + -5?
5314
In base 3, what is 222122 + 0?
222122
In base 6, what is 31 + 3?
34
In base 16, what is 5 - -2a?
2f
In base 13, what is 55 - -56?
ab
In base 9, what is -468 + -11?
-480
In base 7, what is 2214 + 5?
2222
In base 3, what is 0 - 11?
-11
In base 2, what is -1011101 - -11?
-1011010
In base 11, what is -5107 + -2?
-5109
In base 10, what is 87 - 21?
66
In base 7, what is 55 + -6?
46
In base 11, what is -6 - 2?
-8
In base 5, what is 111 - -34?
200
In base 5, what is 13 + -11242?
-11224
In base 3, what is 12 + 10122?
10211
In base 2, what is -101 - 100001001?
-100001110
In base 12, what is -7 - -3?
-4
In base 15, what is c50 + 3?
c53
In base 7, what is 2 + -133?
-131
In base 7, what is 5 + -162?
-154
In base 16, what is 20 + 2b?
4b
In base 15, what is 2 - -1c?
1e
In base 11, what is -31 + 8a?
59
In base 7, what is 53 + -42?
11
In base 6, what is -4 - 34?
-42
In base 3, what is -1 + 1002020?
1002012
In base 2, what is 1 + 10101011001?
10101011010
In base 3, what is 1 + 1210?
1211
In base 7, what is 16 + -123?
-104
In base 5, what is 210 - 3?
202
In base 5, what is 124 + 1?
130
In base 12, what is -2 - 59?
-5b
In base 8, what is 1 - 36?
-35
In base 13, what is 4 - -344?
348
In base 6, what is -32321 + 1?
-32320
In base 2, what is 11010 - -11?
11101
In base 6, what is 1 + -132?
-131
In base 7, what is 14 - 31?
-14
In base 3, what is 1022 - 20?
1002
In base 2, what is -11 + 111011?
111000
In base 2, what is -1100111011 + -100?
-1100111111
In base 2, what is 100000 + 0?
100000
In base 5, what is 324 + -10?
314
In base 12, what is -1459 - 2?
-145b
In base 11, what is -472 + 1?
-471
In base 9, what is 2486 - -6?
2503
In base 9, what is -5 + -88?
-104
In base 9, what is 845 + -3?
842
In base 7, what is -2 + 13?
11
In base 3, what is -10201 + -1011?
-11212
In base 15, what is -10e + -5?
-114
In base 6, what is 5 - 2242?
-2233
In base 13, what is -183 + -b?
-191
In base 14, what is -45 + 5?
-40
In base 8, what is 0 - 522?
-522
In base 5, what is -4 + -11222?
-11231
In base 6, what is 13 - 451?
-434
In base 6, what is 522 - -3?
525
In base 9, what is -5 - 2652?
-2657
In base 2, what is -110100001 + 0?
-110100001
In base 7, what is -52 - -2?
-50
In base 16, what is 5 - 57?
-52
In base 13, what is -2 + 1b?
19
In base 11, what is a9 + -2?
a7
In base 16, what is 1 + -2d?
-2c
In base 14, what is 5 + -6?
-1
In base 10, what is 81 - -1?
82
In base 9, what is 10 + -1222?
-1212
In base 7, what is -13 + 306?
263
In base 9, what is -1668 - 5?
-1674
In base 14, what is 1 + 45?
46
In base 13, what is 3 - 2c?
-29
In base 2, what is 1100 + 100111110?
101001010
In base 6, what is -300341 - -5?
-300332
In base 5, what is 2131 - 10?
2121
In base 16, what is -1 + 581?
580
In base 2, what is -110111 + -10?
-111001
In base 15, what is 2733 + -1?
2732
In base 16, what is -a + -280?
-28a
In base 11, what is 179 + 10?
189
In base 2, what is -11111 + 10011?
-1100
In base 14, what is 5 + -16d?
-168
In base 4, what is -30 - -22330?
22300
In base 2, what is 100101011111 + -10?
100101011101
In base 5, what is -3122 - 10?
-3132
In base 11, what is -8 - 159?
-166
In base 12, what is 4 - -7?
b
In base 9, what is 3 + -242?
-238
In base 16, what is 2f3 - -1?
2f4
In base 8, what is 12 + -77?
-65
In base 10, what is -621 + 3?
-618
In base 8, what is 5 + 1247?
1254
In base 9, what is -812 - -4?
-807
In base 8, what is -411 - 2?
-413
In base 5, what is -30210 - 10?
-30220
In base 15, what is 3 + 178?
17b
In base 8, what is 3 + 2567?
2572
In base 15, what is -71ae + -2?
-71b1
In base 6, what is -3420 - -3?
-3413
In base 12, what is 3 - -33?
36
In base 14, what is 69 + 0?
69
In base 6, what is -1 + -2550?
-2551
In base 15, what is 42 - 0?
42
In base